
13e
In base 11, what is 41 + 201?
242
In base 14, what is 0 + -8?
-8
In base 14, what is -358 - 5?
-35d
In base 5, what is -11 - 232?
-243
In base 3, what is -11 + 122?
111
In base 5, what is -10 + 2?
-3
In base 15, what is -65a - 3?
-65d
In base 11, what is -a - -1186?
1177
In base 8, what is -5 - -3566?
3561
In base 13, what is -210 + -3?
-213
In base 11, what is 4 - 211?
-208
In base 12, what is -8b - -b5?
26
In base 6, what is 5 + -144?
-135
In base 6, what is -5 + 3?
-2
In base 3, what is 10110012 + -12?
10110000
In base 15, what is 5 + 7cb?
7d1
In base 5, what is -12210 + 10?
-12200
In base 13, what is 3ba + -5?
3b5
In base 8, what is -216 - -3?
-213
In base 12, what is -18ab5 - -1?
-18ab4
In base 5, what is 10 + -14?
-4
In base 9, what is -103 + -77?
-181
In base 9, what is 7 - -40?
47
In base 13, what is -24 + 1b?
-6
In base 3, what is -11121 - -21?
-11100
In base 9, what is -2 - -244?
242
In base 9, what is -5 + 363?
357
In base 7, what is -114 + 2?
-112
In base 3, what is -101 + -2201200?
-2202001
In base 12, what is -1147 + -3?
-114a
In base 15, what is -131 - -59?
-c7
In base 11, what is 1aa + 0?
1aa
In base 15, what is 8a - 33?
57
In base 11, what is -408 + -5?
-412
In base 15, what is -2 + 169?
167
In base 14, what is -1a44 - -3?
-1a41
In base 10, what is 0 - 767?
-767
In base 13, what is 1 - -14?
15
In base 12, what is -13 + -85?
-98
In base 9, what is 6 - 2?
4
In base 10, what is -13 - -13?
0
In base 14, what is b0 - 1?
ad
In base 16, what is -2 - 8d?
-8f
In base 4, what is 1000003 - -11?
1000020
In base 9, what is 4 + -787?
-783
In base 3, what is -102 + -120?
-222
In base 2, what is 0 + 1010111?
1010111
In base 13, what is 339 + -15?
324
In base 6, what is -3424 - 2?
-3430
In base 5, what is 20 - 3210?
-3140
In base 6, what is -13 + 5?
-4
In base 13, what is 72 + 4?
76
In base 6, what is -42354 + -4?
-42402
In base 10, what is -209 + 5?
-204
In base 10, what is 3 + -106?
-103
In base 15, what is -58d - 0?
-58d
In base 15, what is 53 - -a?
5d
In base 14, what is -103 - -8?
-d9
In base 13, what is -5 - 3c27?
-3c2c
In base 12, what is -442 - 13?
-455
In base 14, what is 39 - -6?
41
In base 6, what is -13 - -120?
103
In base 14, what is 162 - -2?
164
In base 10, what is -4 + -381?
-385
In base 13, what is 477 - -3?
47a
In base 7, what is 2222 + -3?
2216
In base 13, what is 0 - c7a?
-c7a
In base 12, what is -219 - -3?
-216
In base 2, what is -110 - -1010110?
1010000
In base 2, what is 1011001111 - -111?
1011010110
In base 2, what is -11 - 1101001?
-1101100
In base 6, what is 11 + 4420?
4431
In base 12, what is -b881 + 5?
-b878
In base 8, what is 0 - 14026?
-14026
In base 4, what is 3120 + 1123?
10303
In base 10, what is 7 + -5?
2
In base 5, what is 1311 - -42?
1403
In base 16, what is 0 - 23?
-23
In base 2, what is 11111 + -110011?
-10100
In base 14, what is -32 - -1?
-31
In base 4, what is -10230 + 11?
-10213
In base 5, what is 1021 - -1?
1022
In base 16, what is -51 - -27?
-2a
In base 12, what is 31a + 3?
321
In base 6, what is -35410 + 5?
-35401
In base 2, what is -1000111000111 - 10?
-1000111001001
In base 14, what is 1965 - 0?
1965
In base 11, what is -5391 + 0?
-5391
In base 7, what is -4364 + 5?
-4356
In base 9, what is 4 + 52?
56
In base 5, what is 301 + -3?
243
In base 15, what is 0 + 483?
483
In base 9, what is 4256 + -5?
4251
In base 16, what is -e62 + 7?
-e5b
In base 16, what is 44 + -8?
3c
In base 11, what is 65 + 5a?
114
In base 9, what is 0 + -1544?
-1544
In base 8, what is -1433 - -4?
-1427
In base 3, what is -11 - -120221?
120210
In base 10, what is 5 + -109?
-104
In base 4, what is 1 - 122120?
-122113
In base 7, what is 153 - 1?
152
In base 7, what is -40230 + -4?
-40234
In base 7, what is -56 - -5?
-51
In base 10, what is 23 + -161?
-138
In base 9, what is -354 + 3?
-351
In base 7, what is -26 - 2?
-31
In base 2, what is -10101011 + 100?
-10100111
In base 12, what is -11b + 2?
-119
In base 9, what is -2 + 275?
273
In base 5, what is -211420 + -1?
-211421
In base 10, what is 4 + 91?
95
In base 3, what is 1 + 12021?
12022
In base 3, what is -1 - 12002112?
-12002120
In base 4, what is 133 + -213?
-20
In base 14, what is -4 + -442?
-446
In base 5, what is -30 - -11002?
10422
In base 15, what is 1 + -30?
-2e
In base 8, what is 33412 - -4?
33416
In base 13, what is -1b - 5?
-23
In base 10, what is 2 + -122?
-120
In base 13, what is -2 + -1a?
-1c
In base 14, what is -8c - 3?
-91
In base 13, what is 1 + 44?
45
In base 12, what is -1 + 23a8?
23a7
In base 16, what is 4 - ab?
-a7
In base 10, what is -10 + -42?
-52
In base 6, what is -214 + -3?
-221
In base 3, what is -101020 + 11?
-101002
In base 15, what is 19 - 78?
-5e
In base 4, what is 222133 - 10?
222123
In base 3, what is 110100 + 1?
110101
In base 2, what is 100111 - -1?
101000
In base 14, what is 12 - -21?
33
In base 4, what is -1310 + 120?
-1130
In base 14, what is 97 + 1?
98
In base 16, what is -1d - -b?
-12
In base 15, what is 1360 + -4?
135b
In base 11, what is 4 + 2a?
33
In base 12, what is 136 + -20?
116
In base 13, what is 5 - c7?
-c2
In base 13, what is 6 + b4?
ba
In base 16, what is 13b + -1?
13a
In base 11, what is 47a1 + -4?
4798
In base 11, what is 4 - -102?
106
In base 11, what is -3277 - -3?
-3274
In base 16, what is 5 - -21?
26
In base 7, what is 303 - 1?
302
In base 6, what is -2052 - 5?
-2101
In base 6, what is -110 + -31?
-141
In base 7, what is 12 - 563?
-551
In base 14, what is 2b5 - 16?
29d
In base 11, what is -1 + 35?
34
In base 5, what is 1404 + 3?
1412
In base 9, what is -2 + -314?
-316
In base 6, what is 354 - 0?
354
In base 2, what is 0 - 111100?
-111100
In base 8, what is 1 + 105?
106
In base 10, what is 2 - -28?
30
In base 6, what is 12 - -12?
24
In base 7, what is 5 - 36?
-31
In base 13, what is 2 + -2ca?
-2c8
In base 2, what is -101 - -10100?
1111
In base 5, what is -2 + 104014?
104012
In base 3, what is -110 + -112?
-222
In base 12, what is b00 - 2?
aba
In base 2, what is 11111011001 + 1?
11111011010
In base 13, what is -bb - 0?
-bb
In base 13, what is 3 - -4c?
52
In base 6, what is 3 + 121?
124
In base 11, what is 13 + -485?
-472
In base 5, what is 22110 - 3?
22102
In base 13, what is 3 + -294?
-291
In base 13, what is -13a + 2?
-138
In base 11, what is 0 - 32?
-32
In base 5, what is 10 + 21344?
21404
In base 14, what is 18d - -3?
192
In base 9, what is -4 - 35?
-40
In base 6, what is 214 + -114?
100
In base 4, what is 1 - 2310?
-2303
In base 4, what is 1 - 230?
-223
In base 11, what is -14 + 35?
21
In base 15, what is 0 - -44?
44
In base 8, what is -245 - -4?
-241
In base 9, what is 28 + 22?
51
In base 11, what is -44 - -4a?
6
In base 9, what is 16 + -17?
-1
In base 7, what is -5 + 531?
523
In base 4, what is 2213 - 1?
2212
In base 14, what is -54b + 3?
-548
In base 9, what is -1 - 447?
-448
In base 8, what is -4350 - -4?
-4344
In base 12, what is -167 + 29?
-13a
In base 2, what is -1 - 110001?
-110010
In base 2, what is -100 + -110011111?
-110100011
In base 7, what is -4 + -250?
-254
In base 5, what is 21 - -13230?
13301
In base 12, what is 4 - 75?
-71
In base 9, what is -3537 - -3?
-3534
In base 4, what is -10120 - 0?
-10120
In base 4, what is 311202 - 2?
311200
In base 16, what is -d5 + -2?
-d7
In base 6, what is 4 - 150?
-142
In base 7, what is -215335 - -4?
-215331
In base 6, what is -1551 - -4?
-1543
In base 2, what is 10001010011010 - 1?
10001010011001
In base 3, what is 12 + 221010?
221022
In base 2, what is -1001011010 - 0?
-1001011010
In base 5, what is -112 - -10413?
10301
In base 16, what is 30 + 91?
c1
In base 2, what is 100 - 100001011010?
-100001010110
In base 16, what is 28a - -1?
28b
In base 8, what is 4 + 735?
741
In base 8, what is 15 + 55?
72
In base 4, what is 13 - -222233?
222312
In base 13, what is 16 - -14?
2a
In base 10, what is -3 - 15?
-18
In base 8, what is 0 + 346?
346
In base 4, what is -131 - 1322?
-2113
In base 12, what is 5 + 150?
155
In base 6, what is 53 + -100?
-3
In base 8, what is 1732 + -4?
1726
In base 12, what is -22 - -a?
-14
In base 11, what is -561 - 0?
-561
In base 11, what is 1 + 19a2?
19a3
In base 8, what is -321 - 2?
-323
In base 10, what is 991 - -3?
994
In base 14, what is -24 - -3?
-21
In base 4, what is -2220 + -311?
-3131
In base 13, what is -6 + -8?
-11
In base 8, what is -